{"id":2,"date":"2025-11-05T09:49:03","date_gmt":"2025-11-05T09:49:03","guid":{"rendered":"https:\/\/www.fixinformatique.fr\/?page_id=2"},"modified":"2025-11-05T12:12:34","modified_gmt":"2025-11-05T11:12:34","slug":"accueil-2","status":"publish","type":"page","link":"https:\/\/www.fixinformatique.fr\/","title":{"rendered":"Accueil"},"content":{"rendered":"<h1>FIX INFORMATIQUE \u2014 Votre partenaire informatique professionnel<\/h1>\n<p><strong>\u00ab Votre partenaire informatique pour les professionnels \u2014 Vente, installation et maintenance de votre parc informatique. \u00bb<\/strong><\/p>\n<p>FIX INFORMATIQUE accompagne les professionnels dans la gestion, la maintenance et l\u2019\u00e9volution de leur parc informatique. Bas\u00e9s \u00e0 Pisseleu (Oise), nous intervenons pour assurer un service rapide et fiable.<\/p>\n<h2>Nos services<\/h2>\n<ul>\n<li>Vente de mat\u00e9riel informatique professionnel<\/li>\n<li>Maintenance et d\u00e9pannage sur site<\/li>\n<li>Gestion de parc informatique<\/li>\n<li>Installation de r\u00e9seaux et serveurs<\/li>\n<\/ul>\n<p><img loading=\"lazy\" decoding=\"async\" class=\"wp-image-115 aligncenter\" src=\"https:\/\/www.fixinformatique.fr\/wp-content\/uploads\/2025\/11\/accueil-300x169.jpg\" alt=\"\" width=\"427\" height=\"203\" \/><\/p>\n","protected":false},"excerpt":{"rendered":"<p>FIX INFORMATIQUE \u2014 Votre partenaire informatique professionnel \u00ab Votre partenaire informatique pour les professionnels \u2014 Vente, installation et maintenance de votre parc informatique. \u00bb FIX [&hellip;]<\/p>\n","protected":false},"author":1,"featured_media":0,"parent":0,"menu_order":0,"comment_status":"closed","ping_status":"closed","template":"","meta":{"footnotes":""},"class_list":["post-2","page","type-page","status-publish","hentry"],"_links":{"self":[{"href":"https:\/\/www.fixinformatique.fr\/index.php?rest_route=\/wp\/v2\/pages\/2","targetHints":{"allow":["GET"]}}],"collection":[{"href":"https:\/\/www.fixinformatique.fr\/index.php?rest_route=\/wp\/v2\/pages"}],"about":[{"href":"https:\/\/www.fixinformatique.fr\/index.php?rest_route=\/wp\/v2\/types\/page"}],"author":[{"embeddable":true,"href":"https:\/\/www.fixinformatique.fr\/index.php?rest_route=\/wp\/v2\/users\/1"}],"replies":[{"embeddable":true,"href":"https:\/\/www.fixinformatique.fr\/index.php?rest_route=%2Fwp%2Fv2%2Fcomments&post=2"}],"version-history":[{"count":3,"href":"https:\/\/www.fixinformatique.fr\/index.php?rest_route=\/wp\/v2\/pages\/2\/revisions"}],"predecessor-version":[{"id":117,"href":"https:\/\/www.fixinformatique.fr\/index.php?rest_route=\/wp\/v2\/pages\/2\/revisions\/117"}],"wp:attachment":[{"href":"https:\/\/www.fixinformatique.fr\/index.php?rest_route=%2Fwp%2Fv2%2Fmedia&parent=2"}],"curies":[{"name":"wp","href":"https:\/\/api.w.org\/{rel}","templated":true}]}}